when 470 is divided by 7?
1
What is the remainder when 723 is divided by 22?
19
What is the remainder when 1265 is divided by 52?
17
What is the remainder when 1777 is divided by 221?
9
What is the remainder when 265 is divided by 14?
13
Calculate the remainder when 159 is divided by 18.
15
What is the remainder when 1191 is divided by 68?
35
Calculate the remainder when 2693 is divided by 8.
5
Calculate the remainder when 735 is divided by 67.
65
Calculate the remainder when 57 is divided by 20.
17
Calculate the remainder when 3464 is divided by 35.
34
Calculate the remainder when 24383 is divided by 12.
11
What is the remainder when 343 is divided by 165?
13
What is the remainder when 470 is divided by 4?
2
Calculate the remainder when 106 is divided by 84.
22
Calculate the remainder when 1760 is divided by 878.
4
Calculate the remainder when 121 is divided by 23.
6
What is the remainder when 1527 is divided by 8?
7
What is the remainder when 114 is divided by 43?
28
What is the remainder when 58 is divided by 13?
6
Calculate the remainder when 644 is divided by 81.
77
What is the remainder when 256 is divided by 36?
4
Calculate the remainder when 224 is divided by 10.
4
Calculate the remainder when 2433 is divided by 87.
84
What is the remainder when 69 is divided by 13?
4
Calculate the remainder when 1012 is divided by 13.
11
What is the remainder when 19 is divided by 5?
4
What is the remainder when 683 is divided by 14?
11
Calculate the remainder when 1650 is divided by 206.
2
What is the remainder when 263 is divided by 42?
11
What is the remainder when 951 is divided by 107?
95
What is the remainder when 3048 is divided by 8?
0
Calculate the remainder when 598 is divided by 50.
48
Calculate the remainder when 5764 is divided by 12.
4
Calculate the remainder when 502 is divided by 64.
54
What is the remainder when 24965 is divided by 171?
170
What is the remainder when 2885 is divided by 13?
12
What is the remainder when 39 is divided by 6?
3
Calculate the remainder when 246 is divided by 66.
48
Calculate the remainder when 1672 is divided by 47.
27
Calculate the remainder when 173 is divided by 29.
28
Calculate the remainder when 37 is divided by 2.
1
What is the remainder when 1806 is divided by 587?
45
Calculate the remainder when 280 is divided by 61.
36
Calculate the remainder when 2852 is divided by 24.
20
Calculate the remainder when 579 is divided by 69.
27
What is the remainder when 433 is divided by 108?
1
What is the remainder when 1240 is divided by 46?
44
Calculate the remainder when 117 is divided by 35.
12
Calculate the remainder when 116 is divided by 41.
34
What is the remainder when 308 is divided by 8?
4
Calculate the remainder when 33 is divided by 20.
13
Calculate the remainder when 677 is divided by 113.
112
Calculate the remainder when 6003 is divided by 66.
63
What is the remainder when 187 is divided by 47?
46
What is the remainder when 1026 is divided by 21?
18
What is the remainder when 142 is divided by 34?
6
Calculate the remainder when 99 is divided by 17.
14
Calculate the remainder when 2477 is divided by 20.
17
Calculate the remainder when 220 is divided by 9.
4
Calculate the remainder when 8278 is divided by 41.
37
Calculate the remainder when 140 is divided by 25.
15
What is the remainder when 253 is divided by 98?
57
What is the remainder when 4497 is divided by 1494?
15
What is the remainder when 1125 is divided by 14?
5
Calculate the remainder when 197 is divided by 70.
57
Calculate the remainder when 1122 is divided by 23.
18
Calculate the remainder when 198 is divided by 148.
50
Calculate the remainder when 629 is divided by 252.
125
Calculate the remainder when 150 is divided by 137.
13
What is the remainder when 75 is divided by 13?
10
Calculate the remainder when 313 is divided by 15.
13
Calculate the remainder when 2731 is divided by 251.
221
Calculate the remainder when 8849 is divided by 164.
157
What is the remainder when 905 is divided by 447?
11
What is the remainder when 14263 is divided by 14?
11
What is the remainder when 994 is divided by 10?
4
What is the remainder when 185 is divided by 28?
17
What is the remainder when 1467 is divided by 87?
75
Calculate the remainder when 87 is divided by 25.
12
Calculate the remainder when 1811 is divided by 151.
150
What is the remainder when 1235 is divided by 155?
150
What is the remainder when 151 is divided by 76?
75
Calculate the remainder when 1623 is divided by 71.
61
Calculate the remainder when 20533 is divided by 24.
13
Calculate the remainder when 685 is divided by 30.
25
What is the remainder when 594 is divided by 60?
54
What is the remainder when 29 is divided by 10?
9
What is the remainder when 1284 is divided by 33?
30
Calculate the remainder when 230 is divided by 161.
69
Calculate the remainder when 3284 is divided by 141.
41
Calculate the remainder when 375 is divided by 47.
46
What is the remainder when 397 is divided by 260?
137
What is the remainder when 1266 is divided by 47?
44
Calculate the remainder when 3138 is divided by 5.
3
What is the remainder when 556 is divided by 303?
253
Calculate the remainder when 599 is divided by 26.
1
Calculate the remainder when 360 is divided by 28.
24
What is the remainder when 162 is divided by 40?
2
What is the remainder when 647 is divided by 10?
7
Calculate the remainder when 162 is divided by 53.
3
What is the remainder when 34349 is divided by 75?
74
What is the remainder when 69 is divided by 54?
15
What is the remainder when 130 is divided by 70?
60
Calculate the remainder when 81 is divided by 35.
11
Calculate the remainder when 388 is divided by 165.
58
What is the remainder when 152 is divided by 32?
24
What is the remainder when 1554 is divided by 13?
7
What is the remainder when 778 is divided by 78?
76
Calculate the remainder when 346 is divided by 70.
66
Calculate the remainder when 64 is divided by 22.
20
Calculate the remainder when 913 is divided by 7.
3
What is the remainder when 745 is divided by 50?
45
What is the remainder when 703 is divided by 11?
10
Calculate the remainder when 188 is divided by 19.
17
What is the remainder when 1233 is divided by 6?
3
What is the remainder when 458 is divided by 155?
148
Calculate the remainder when 2733 is divided by 26.
3
Calculate the remainder when 146 is divided by 79.
67
What is the remainder when 368 is divided by 74?
72
What is the remainder when 203 is divided by 16?
11
Calculate the remainder when 315 is divided by 9.
0
What is the remainder when 1149 is divided by 23?
22
What is the remainder when 6511 is divided by 13?
11
What is the remainder when 10583 is divided by 216?
215
What is the remainder when 222 is divided by 16?
14
What is the remainder when 278 is divided by 277?
1
Calculate the remainder when 195 is divided by 12.
3
Calculate the remainder when 151 is divided by 53.
45
What is the remainder when 93 is divided by 32?
29
What is the remainder when 145 is divided by 129?
16
What is the remainder when 613 is divided by 201?
10
Calculate the remainder when 5835 is divided by 20.
15
What is the remainder when 347 is divided by 91?
74
What is the remainder when 933 is divided by 36?
33
What is the remainder when 145 is divided by 79?
66
What is the remainder when 17437 is divided by 32?
29
What is the remainder when 2002 is divided by 667?
1
What is the remainder when 157 is divided by 111?
46
What is the remainder when 130 is divided by 12?
10
What is the remainder when 3599 is divided by 16?
15
What is the remainder when 6091 is divided by 6084?
7
What is the remainder when 738 is divided by 106?
102
What is the remainder when 683 is divided by 23?
16
Calculate the remainder when 10124 is divided by 24.
20
What is the remainder when 209 is divided by 81?
47
Calculate the remainder when 485 is divided by 54.
53
Calculate the remainder when 811 is divided by 91.
83
What is the remainder when 712 is divided by 6?
4
Calculate the remainder when 20 is divided by 15.
5
What is the remainder when 1361 is divided by 265?
36
What is the remainder when 12168 is divided by 37?
32
What is the remainder when 286 is divided by 97?
92
What is the remainder when 229 is divided by 59?
52
Calculate the remainder when 7